what is -743 + 1?
-742
In base 2, what is 1100101011101 + 11?
1100101100000
In base 9, what is -1005 - -4?
-1001
In base 14, what is 81 + 25?
a6
In base 9, what is 44 + 1?
45
In base 5, what is 0 - -2331?
2331
In base 15, what is -2a7 + 0?
-2a7
In base 13, what is 384a + -3?
3847
In base 13, what is 549b + 2?
54a0
In base 15, what is 1960 - -3?
1963
In base 12, what is 1987 + -3?
1984
In base 15, what is -d98 + 4?
-d94
In base 13, what is a - 11?
-4
In base 12, what is 6 + 62a?
634
In base 12, what is -4 + -b0?
-b4
In base 6, what is -1142 - -5?
-1133
In base 2, what is 11000001 + -10?
10111111
In base 9, what is 0 + -512?
-512
In base 12, what is -36 + -32?
-68
In base 10, what is 11 + -23?
-12
In base 16, what is -1 + 55?
54
In base 11, what is 1 + 1239?
123a
In base 12, what is -5 - -1764?
175b
In base 5, what is -443 - 203?
-1201
In base 12, what is 259 + 16?
273
In base 7, what is -1264 + -5?
-1302
In base 8, what is 1 + 2?
3
In base 9, what is 20 + 11?
31
In base 8, what is -3 - -21?
16
In base 3, what is -2 - -22?
20
In base 10, what is -36 + 25?
-11
In base 5, what is -30 + -113?
-143
In base 4, what is 12 + -13?
-1
In base 2, what is -110 - -110101110101?
110101101111
In base 3, what is 110 - 101?
2
In base 11, what is -141 + 1?
-140
In base 13, what is -33 + -3?
-36
In base 6, what is 12345 + 10?
12355
In base 2, what is -111000000 + 10000?
-110110000
In base 3, what is 20120020 - 2?
20120011
In base 6, what is -2 + 251?
245
In base 6, what is 2 - -14024?
14030
In base 12, what is -3 - 263?
-266
In base 11, what is 37 + -6?
31
In base 9, what is -6 - -2410?
2403
In base 13, what is 2648 - 3?
2645
In base 6, what is -3 - 2340?
-2343
In base 15, what is 0 - -d66?
d66
In base 15, what is -22 + -71?
-93
In base 12, what is 4 - -57?
5b
In base 10, what is 143 - 0?
143
In base 7, what is -4 + 2004?
2000
In base 3, what is -111 + -1001?
-1112
In base 11, what is 143 - 5?
139
In base 9, what is 0 + 201?
201
In base 11, what is 460 + -15?
446
In base 2, what is 111001001010 + 0?
111001001010
In base 12, what is -2a3 + 7?
-298
In base 10, what is -162 - 5?
-167
In base 6, what is -153523 + 4?
-153515
In base 5, what is 121 + 212?
333
In base 11, what is 5 + -34?
-2a
In base 13, what is -23 + 2?
-21
In base 5, what is 10 - -12014?
12024
In base 6, what is -3 + -103?
-110
In base 2, what is -10 + -1011101?
-1011111
In base 11, what is 2 - 1077?
-1075
In base 12, what is -3 - 102?
-105
In base 12, what is 3 + -23?
-20
In base 4, what is 30 - -231?
321
In base 4, what is 10 - -3223?
3233
In base 13, what is 34 - 295?
-261
In base 8, what is -13 - 25?
-40
In base 8, what is -14 + 677?
663
In base 16, what is -8 + -b1?
-b9
In base 15, what is -10 + 46?
36
In base 16, what is 4 + e3?
e7
In base 6, what is 111 + -12?
55
In base 8, what is 0 + -17?
-17
In base 5, what is 1041 + -10?
1031
In base 9, what is 138 + 0?
138
In base 5, what is -30 - -1312?
1232
In base 9, what is 1 - 318?
-317
In base 11, what is -18 + 17?
-1
In base 16, what is 3a8 + -2?
3a6
In base 7, what is -3 - -1362?
1356
In base 16, what is -2 + -4?
-6
In base 6, what is 4 + 443?
451
In base 15, what is 6 + -81?
-7a
In base 10, what is 928 - -3?
931
In base 14, what is 1 + -c3?
-c2
In base 13, what is -6159 - 3?
-615c
In base 3, what is -1001 - 2202?
-10210
In base 6, what is 1344 - 0?
1344
In base 16, what is 1 + -82?
-81
In base 5, what is 224 + -2?
222
In base 4, what is -2232 + 11?
-2221
In base 14, what is 55 + -38?
1b
In base 5, what is 4 - 200410?
-200401
In base 3, what is -21100020 - -1?
-21100012
In base 9, what is 256 + 15?
272
In base 7, what is 2001 + -1?
2000
In base 3, what is -112120 + -12?
-112202
In base 14, what is 1 + -992?
-991
In base 16, what is -547 - 8?
-54f
In base 9, what is -4516 + 0?
-4516
In base 4, what is 10 + 13101?
13111
In base 15, what is -1d6 - 1?
-1d7
In base 9, what is -2033 + -15?
-2048
In base 3, what is 100102 + -2?
100100
In base 13, what is -8b54 - 5?
-8b59
In base 6, what is 120 + 100?
220
In base 7, what is 5 + 4141?
4146
In base 7, what is 3 - -1463?
1466
In base 11, what is -178a + -6?
-1795
In base 4, what is 3 - 30?
-21
In base 5, what is -332 + 234?
-43
In base 15, what is 1ea6 + 5?
1eab
In base 5, what is 1 + 2111?
2112
In base 9, what is -3 + -1266?
-1270
In base 5, what is -1 + -142?
-143
In base 13, what is -114 - -3?
-111
In base 7, what is -3 + 6416?
6413
In base 8, what is 0 + 17?
17
In base 11, what is -16 - -12?
-4
In base 8, what is 10244 - 2?
10242
In base 11, what is -3 + 1a7?
1a4
In base 10, what is -6729 - 4?
-6733
In base 13, what is -2a45 + 1?
-2a44
In base 4, what is 0 - 10013?
-10013
In base 10, what is -1 + 38?
37
In base 4, what is -10 - -12?
2
In base 10, what is -63 + 1?
-62
In base 11, what is 5 + 971?
976
In base 10, what is -7 - -59?
52
In base 10, what is 3 + 1674?
1677
In base 14, what is -9 - -5?
-4
In base 10, what is -4 + -97?
-101
In base 7, what is -43 + 16?
-24
In base 6, what is -12035 - 0?
-12035
In base 15, what is 1b - cc?
-b1
In base 13, what is 4 + 46?
4a
In base 3, what is 20 + 1000?
1020
In base 2, what is -10000010 - -1?
-10000001
In base 3, what is 2 + -1221?
-1212
In base 9, what is 87 - -4?
102
In base 10, what is -2539 + 3?
-2536
In base 14, what is 448 - -5?
44d
In base 11, what is 22 - 17?
6
In base 13, what is 8 - -3?
b
In base 13, what is -b + -107?
-115
In base 3, what is 220110011 + -10?
220110001
In base 14, what is -2b + 1db?
1b0
In base 14, what is -8 + -5a?
-64
In base 9, what is 101 + -3?
87
In base 13, what is 13 - -74?
87
In base 4, what is 22 + 113022?
113110
In base 8, what is 0 + 1573?
1573
In base 5, what is -14432 - 12?
-14444
In base 6, what is -2 + 10?
4
In base 5, what is 34220 - 2?
34213
In base 12, what is -19 + 0?
-19
In base 4, what is -203313 - 2?
-203321
In base 8, what is -62 + 1?
-61
In base 9, what is 387 + -1?
386
In base 15, what is 71 + 1?
72
In base 16, what is 0 + -3f?
-3f
In base 2, what is -111110101100 - -101?
-111110100111
In base 6, what is 231 + 355?
1030
In base 13, what is 7ab + -1?
7aa
In base 13, what is -6 + -177?
-180
In base 7, what is 105 - -24?
132
In base 4, what is -10 - -100012?
100002
In base 11, what is 23 - -a?
32
In base 8, what is 33 - -13?
46
In base 15, what is 1e4 - -1?
1e5
In base 9, what is -1 + -2034?
-2035
In base 2, what is -1101001 - 0?
-1101001
In base 4, what is -1010 + 122?
-222
In base 8, what is -71 + 3?
-66
In base 7, what is -400 + -10?
-410
In base 16, what is -2 + 6db?
6d9
In base 16, what is 3 - 3f5?
-3f2
In base 7, what is 1 + 362?
363
In base 16, what is 252 - 6?
24c
In base 8, what is 1 - -2424?
2425
In base 3, what is 112002 + 11?
112020
In base 14, what is 42 + -4?
3c
In base 14, what is -18 + 13?
-5
In base 10, what is 324 - 10?
314
In base 16, what is -8e + 3?
-8b
In base 7, what is 2 + 6620?
6622
In base 14, what is -10b - -4?
-107
In base 9, what is 20 + 2?
22
In base 11, what is -3 - 165?
-168
In base 3, what is 111212 - -10?
111222
In base 13, what is 2 + 32?
34
In base 11, what is 10 + -798?
-788
In base 7, what is 40 + 3?
43
In base 16, what is 3 - -f?
12
In base 15, what is -3 + -1e?
-22
In base 10, what is 2 - 1531?
-1529
In base 14, what is 2 - -3b?
3d
In base 7, what is -46 + 53?
4
In base 9, what is 2 + 31?
33
In base 8, what is -33422 - 1?
-33423
In base 7, what is 4 - 6?
-2
In base 5, what is -3 - -32033?
32030
In base 2, what is 1 - 1000101?
-1000100
In base 12, what is -32 + 7?
-27
In base 3, what is -11 + 120212?
120201
In base 10, what is 3 - 137?
-134
In base 4, what is 1 - -330?
331
In base 3, what is 11 - 1211?
-1200
In base 10, what is -864 + -2?
-866
In base 5, what is 31241 + -10?
31231
In base 7, what is 1 + 344?
345
In base 5, what is 22 - -32?
104
In base 2, what is -110100011 + 1?
-110100010
In base 6, what is 33 - 205?
-132
In base 5, what is 4 - 1232?
-1223
In base 13, what is -59 + 1?
-58
In base 10, what is -2281 + 5?
-2276
In base 5, what is 3012 + 1?
3013
In base 5, what is 302 - -12?
314
In base 14, what is -177 + -16?
-18d
In base 2, what is -1000100000001 - 100?
-1000100000101
In base 8, what is 17 + -450?
-431
In base 2, what is 111 + 110?
1101
In base 5, what is -1022 - -233?
-234
In base 5, what is 133 + -114?
14
In base 15, what is -59a - 1?
-59b
In base 6, what 